 a(-1). Let d(g) = 5*g**3 - 1 + g**p + 0 - 5*g**3. What is d(1)?
0
Let k(d) = -7*d - 7. Suppose -5*n - 5 = 4*m, -3*n = -8*n - m - 20. What is k(n)?
28
Let v(g) = 4*g + 1. Let p(f) = 11*f + 3. Let b(k) = -3*p(k) + 8*v(k). Let h(a) = -a**3 - 7*a**2 - 4*a + 7. Let m be h(-6). Calculate b(m).
4
Suppose 4*h - 6 = 4*l + 6, -2*l - 2 = 0. Let b(d) = -h + d**2 - 1 + 2*d + 5. What is b(-3)?
5
Let h(a) = a**2 - a - 7. Suppose 15 = -5*y - 4*o, o + 3 + 5 = 3*y. Suppose -5*m = -4*w - 38, -y - 7 = -3*m - 5*w. Suppose m*i = i. Calculate h(i).
-7
Let w(s) = 2 - 2*s - 1 + 2 + 3. Suppose -i + 2*u - 6 = 0, 0 = i - 3*u + 10 + 1. What is w(i)?
-2
Let g(q) = -q**2 + 12*q + 10. Let y be g(13). Let b(l) = l**2 + 4*l + 1. What is b(y)?
-2
Suppose -3*q + 7*q + 76 = 0. Let h = 13 + q. Let a(i) = -i**2 - 9*i - 6. Calculate a(h).
12
Let u(a) = 5*a**3 - 5*a**3 + 1 + 2*a**3 + 2*a - 3*a**2. Suppose 2*n - 4*n + 4 = 0. Give u(n).
9
Let p be 0*1/(-4) + -3. Let f(l) = -l + 1. Let o(k) = k - 2. Let s(j) = p*f(j) - 4*o(j). Give s(0).
5
Let b be (-1)/(-1 + (-2)/(-4)). Let a = 2 - 10. Let x(u) = 20*u + 5. Let y(l) = -13*l - 3. Let c(h) = a*y(h) - 5*x(h). Give c(b).
7
Let p(b) = 2*b**3 - 3*b**2 + b - 2. Let f = 3 - 3. Suppose 5*x - 3*c - 1 = 0, -20 = -4*x - 4*c - f. Calculate p(x).
4
Suppose 0 = -4*m + 12, 4*j - m = 55 + 42. Let f be 33/(-15) - (-5)/j. Let i(h) = 2*h - 1. Give i(f).
-5
Let f(o) = 5*o**2 + 1. Let u(y) = y + 1. Let h be u(4). Let b = 0 + h. Suppose -2 = -v, 9 = 2*s - s + b*v. Calculate f(s).
6
Let q be (2/(-3))/(6/(-9)). Suppose -31 + q = -5*f. Let o(t) = -t**3 + 5*t**2 + 6*t - 7. Determine o(f).
-7
Let s(t) be the first derivative of t**4/4 - 4*t**3/3 - 5*t**2/2 + 3*t - 3. Suppose -4*h = 2*o + 2, -5*o + 2*h + 40 = -3*h. Give s(o).
3
Let t(f) = -f + 1. Let u(x) = -x. Let b(r) = 2*t(r) - u(r). Determine b(-6).
8
Let o(a) = 2*a**2 - 3 + 3*a**2 - 5*a**2 - 5*a - a**3 + 6*a**2. Suppose -2*v + i + 2*i = -16, 3*v - 3*i = 21. Calculate o(v).
-3
Let s(x) = 3*x - 6. Let u(o) = -4*o + 7. Let w(i) = 5*s(i) + 4*u(i). Give w(-7).
5
Let l = 25 - 35. Let f be (-4)/l - 16/(-10). Suppose -7*t + 2*t = 3*n, 0 = -3*t + f*n. Let d(g) = g + 8. Determine d(t).
8
Let q(a) = -10*a + 6. Let b(m) = 5*m - 3. Let r(t) = 13*b(t) + 6*q(t). Calculate r(2).
7
Let s(p) = 7*p**2. Let c(x) be the third derivative of -2*x**2 + 0 + 1/6*x**3 + 0*x - 1/24*x**4. Let r be c(2). Calculate s(r).
7
Suppose -3*p + 7*p - 20 = 0. Let m = -4 + p. Let c(t) = -m - 4*t + 7*t + 7 + 0. Determine c(-4).
-6
Let x(y) be the first derivative of -y**2/2 + 6*y - 42. What is x(7)?
-1
Let p(z) = -13*z**2 - 13*z - 5. Let g(f) = -7*f**2 - 7*f - 3. Let b(i) = -11*g(i) + 6*p(i). Give b(0).
3
Let m(d) = -7*d + 9. Let k(i) = -6*i + 8. Let a(p) = -6*k(p) + 5*m(p). What is a(5)?
2
Let i(t) = -t**3 + 5*t**2 + 6*t - 3. Suppose 4*x = -5*w + 34, 0 = -2*x - 2*x - 3*w + 30. Give i(x).
-3
Suppose -3*m + 4*n = -7*m, 2*m - 2*n = -16. Let u be (-4)/8 - 14/m. Let t(p) = p**3 - 2*p**2 - 4*p + 2. Calculate t(u).
-1
Let d be 63/(-14)*2/(-3). Let q(r) = d*r - 1 - r + 0*r. What is q(3)?
5
Let w(a) = 2*a - 1. Let i be 392/84*(-3)/(-2). Give w(i).
13
Let a(j) = j**3 + 5*j**2 + j - 3. Let b be ((-3)/(-2))/(6/(-16)). Determine a(b).
9
Let i(j) = -j**2 + j + 1. Let u(z) = z**2 + z + 1. Let s(x) = -8*x**2 + 3*x + 10. Let m(a) = -s(a) - 2*u(a). Let q(l) = 5*i(l) + m(l). Give q(0).
-7
Suppose 4 = -2*g, 4*s + 8 = -3*g - 30. Let o(w) = -w**3 - 7*w**2 + 7*w - 11. Give o(s).
-3
Suppose 2*g - 19 = -n + 7*g, -2*n + 4*g + 8 = 0. Let m(o) = o**2 + 6*o. Determine m(n).
0
Let w(t) be the third derivative of 1/8*t**4 + 0*t + 0 + t**2 + 7/6*t**3 - 1/60*t**5. Give w(5).
-3
Let a(h) = -4*h - 2. Let n(m) = -4*m - 3. Let d(q) = -4*a(q) + 3*n(q). Let z be d(-1). Let r(t) = 3*t**2 - 5*t + 14 - 4*t**2 + 0*t**2 - 15. What is r(z)?
-1
Let k(w) = -14*w - 1. Let j be k(-1). Let t(s) = -5 + j + 2*s - 8. Determine t(-2).
-4
Let i(o) = 3*o. Let n = 33 + -31. What is i(n)?
6
Let r = 6 - 10. Let j be (1 + r)*-1 - 5. Let p be 2/(-6)*0/j. Let s(m) = m**2 + m - 7. Calculate s(p).
-7
Let s = -9 + 9. Let q = 6 + s. Let x(m) = -m**3 + 7*m**2 - 3*m - 8. Determine x(q).
10
Let k(p) = -p**3 - 8*p**2 - 9*p + 2. Suppose 2*l + 0*l = -3*c - 5, 0 = -5*l - 4*c - 23. Calculate k(l).
16
Let d(q) = 12*q - q**3 - 3*q**2 - 7*q - 3*q - 3. Determine d(-3).
-9
Let u(y) = 3*y**2 + 1 - 1 - 3*y**3 + 1. Let j(p) = 13*p**3 - 13*p**2 - 4. Suppose -4*i + 1 + 7 = 0. Let t(l) = i*j(l) + 9*u(l). Calculate t(0).
1
Let f(m) = m**3 + 5*m**2 - 6*m + 5. Let j(q) = q**3 + 12*q**2 - 13*q - 6. Let g be j(-13). Determine f(g).
5
Let i(d) = -2*d + 3*d - 2*d + 2 - 2*d**2. Suppose 3*l + o - 4 = 0, 4*o + 1 = 5*l - 17. Give i(l).
-8
Suppose -r = -1 - 1. Suppose -5*m = -5*h - 20, r*h - 1 + 3 = 0. Let y(t) = m*t**2 - t**2 - 3*t**2 + 3*t**2. Calculate y(-1).
2
Let x(k) = -k**2 + 4*k - 3. Let h be x(4). Let d be (1 + h)/(2/5). Let n(g) = -5 - 2*g + 19 - 9 - 10. What is n(d)?
5
Let j(m) = m**2 + m - 1. Let g be 0 - (1 + (2 - 3)). Give j(g).
-1
Let o(w) = 2*w - 5*w - 2 - w. Calculate o(-3).
10
Let j(l) be the second derivative of -l**4/12 + 5*l**3/6 - 3*l**2 - 14*l. What is j(4)?
-2
Let o be (-5)/((-10)/4) + -4. Let u be (2/3)/(o/(-9)). Let p(q) be the third derivative of q**6/120 - q**5/15 + q**4/24 - q**3/3 + q**2. Determine p(u).
-8
Let y(p) = p**3 - 18*p**2 + 4 - 1 + 12*p**2 - 7*p. What is y(7)?
3
Let b(c) = -5*c**2 + 2*c + 2. Let u(t) = -3*t**2 + 0*t**2 + t**2 + t**2 + t. Let p(m) = -b(m) + 3*u(m). Suppose 2*v + 1 = 5. Calculate p(v).
8
Let w(j) = -j**2 + 8*j - 7. Let m(y) = -y + 5. Let r be m(5). Suppose -4*c - 4*s = -16, r = -c + s + 4*s + 16. Calculate w(c).
5
Let c(w) = 3 - 10 + w**3 - 7*w - 5*w**3 + 5*w**3 + 4*w**2. Calculate c(-5).
3
Let v(a) = 1 - 194*a + 388*a - 196*a + 5*a**2. What is v(1)?
4
Let y(o) = o**3 + o**2 + 5. Suppose 2*d = n - 5*n, -4*d + n - 18 = 0. Let f be (-6)/d - 15/10. Determine y(f).
5
Suppose -3*w - j = -0*j - 11, -4*j + 18 = -w. Let y(g) = -19 - 2*g**3 + 17 - w*g**2 + g**2. Determine y(-2).
10
Let r(l) = l - 4*l - l + 5*l - 2. Give r(6).
4
Let c = 7 - 6. Let a(j) = -2*j**3 - 6*j**2 - 2*j + 7. Let v(m) = -m**3 - m**2 + 1. Let n(h) = c*a(h) - 4*v(h). What is n(2)?
7
Let r be -4 - 4*1/(-1). Let j(k) be the first derivative of k**4/4 - k**3/3 - 5*k - 2. What is j(r)?
-5
Suppose c + 4*u + 20 = -u, c = -u. Let p(l) = l**2 - 8*l + 7. What is p(c)?
-8
Let u(i) be the second derivative of -i**6/120 + i**5/30 - i**4/24 - i**2 + 2*i. Let h(z) be the first derivative of u(z). What is h(3)?
-12
Let v(t) = 15*t. Let q(c) = -2*c. Let f(h) = -24*q(h) - 3*v(h). Determine f(2).
6
Let z(q) = -q - 1. Let x be (-3 + 6)/(6/8). Suppose 2*n - 2*h + 6 = 0, -n - 3 = -2*n + x*h. Calculate z(n).
4
Suppose -2*o - 1 = -3. Suppose -o - 5 = -2*w. Let m(c) = 2*c**w - 4 - 6*c - 3*c**3 - 6*c**2 + 4 + 1. Determine m(-5).
6
Let b(a) = a**3 + 5*a**2 + a + 1. Let s be 60/(-33) - 2/11. Let g = -2 + 5. Let t be (-5)/((s - 0) + g). Determine b(t).
-4
Let z(t) = -13*t + 6*t + 4 + 8*t. Let d be -1 + 2 - (1 - 0). Give z(d).
4
Let x be 0 + 3/((-3)/5). Let d be (4/3)/(10/105). Let w(t) = -3*t + d - 7 + 4*t + t. Calculate w(x).
-3
Let u(j) be the first derivative of -2*j**2 - j - 2. Determine u(-1).
3
Let w(h) = h**3 - h**2 + 1. Let k(r) = 7*r**3 - 2*r**2 + 3*r + 5. Let i(o) = 2*o - 2. Let v be i(4). Let x(l) = v*w(l) - k(l). Give x(-3).
1
Suppose -2 = -v + 3. Let b = 9 - v. Let k(c) = -3*c - 2. Let u(o) = o. Let p(h) = k(h) + 2*u(h). What is p(b)?
-6
Let w = -45 + 39. Let j(p) = -p - 6. Determine j(w).
0
Let i = 41 + -45. Let o(r) = r**2 + 6*r + 2. What is o(i)?
-6
Let y(d) = 21*d + 14. Let x = 4 - -7. Let g(b) = -4*b - 3. Let q(s) = x*g(s) + 2*y(s). Suppose 5*o = -4*a - 33, 0 = -o - o + 2*a - 6. Calculate q(o).
5
Let l(i) = i**3 - 5*i**2 - 6*i + 4. Let u = -37 - -43. Give l(u).
4
Let x be (-1)/(-2)*(-6 + 6). Suppose 4*k + k - 10 = 0. Let s(n) = 3 - 2*n**k - n + 2*n + n**2. Determine s(x).
3
Let j = -17 + 14. Let r(t) = 7*t + 2. Let a(p) = -p. Let l(d) = -6*a(d) - r(d). What is l(j)?
1
Let k(a) = -a**3 + 5*a**2 - 2*a + 7. Let h be (2/(-3))/((-4)/(-6)). Let f = h + 6. Determine k(f).
-3
Let v(w) be the third derivative of w**9/60480 + w**8/6720 + w**7/2520 + w**6/360 + w**5/12 + 4*w**2. Let f(i) be the third derivative of v(i). Calculate f(-2).
2
Let 